{"id":1328,"date":"2022-02-24T05:05:12","date_gmt":"2022-02-24T05:05:12","guid":{"rendered":"http:\/\/brancheenature.fr\/?page_id=1328"},"modified":"2025-02-21T13:02:28","modified_gmt":"2025-02-21T13:02:28","slug":"contact","status":"publish","type":"page","link":"https:\/\/brancheenature.fr\/?page_id=1328","title":{"rendered":"Contact"},"content":{"rendered":"\n<div style=\"height:32px\" aria-hidden=\"true\" class=\"wp-block-spacer\"><\/div>\n\n\n\n<p class=\"has-text-align-center has-accent-2-color has-text-color has-large-font-size\"><strong>Nous construisons ENSEMBLE l&rsquo;accompagnement        selon vos besoins et vos envies. <\/strong><\/p>\n\n\n\n<p class=\"has-text-align-center has-accent-2-color has-text-color has-large-font-size\"><strong>Je reste \u00e0 votre \u00e9coute!<\/strong><\/p>\n\n\n\n<p class=\"has-text-align-center has-large-font-size\">Maryline BROCHET<br>Hameau de Lacapelle<br>81 140 PUYCELSI<br>06 75 72 14 00<\/p>\n\n\n\n<p class=\"has-text-align-center has-large-font-size\">marylinebrochet@yahoo.fr<\/p>\n\n\n\n<p><\/p>\n\n\n\n<p class=\"has-text-align-center\"><strong>Bas\u00e9e dans le Tarn, j&rsquo;interviens \u00e9galement dans les d\u00e9partements voisins et partout o\u00f9 mon approche trouve du sens, en accord avec mes valeurs et mes comp\u00e9tences.<\/strong><\/p>\n\n\n\n<div style=\"height:56px\" aria-hidden=\"true\" class=\"wp-block-spacer\"><\/div>\n\n\n\n<figure class=\"wp-block-image size-large is-resized\"><img loading=\"lazy\" decoding=\"async\" width=\"1024\" height=\"768\" src=\"https:\/\/brancheenature.fr\/wp-content\/uploads\/2024\/09\/IMG_7797-1024x768.jpeg\" alt=\"\" class=\"wp-image-3278\" style=\"width:920px;height:auto\" srcset=\"https:\/\/brancheenature.fr\/wp-content\/uploads\/2024\/09\/IMG_7797-1024x768.jpeg 1024w, https:\/\/brancheenature.fr\/wp-content\/uploads\/2024\/09\/IMG_7797-300x225.jpeg 300w, https:\/\/brancheenature.fr\/wp-content\/uploads\/2024\/09\/IMG_7797-768x576.jpeg 768w, https:\/\/brancheenature.fr\/wp-content\/uploads\/2024\/09\/IMG_7797-1536x1152.jpeg 1536w, https:\/\/brancheenature.fr\/wp-content\/uploads\/2024\/09\/IMG_7797-2048x1536.jpeg 2048w, https:\/\/brancheenature.fr\/wp-content\/uploads\/2024\/09\/IMG_7797-400x300.jpeg 400w\" sizes=\"auto, (max-width: 1024px) 100vw, 1024px\" \/><\/figure>\n\n\n\n<p>Photo Elisabeth RIU<\/p>\n\n\n\n<div style=\"height:30px\" aria-hidden=\"true\" class=\"wp-block-spacer\"><\/div>\n\n\n\n<div class=\"wp-block-buttons is-content-justification-center is-layout-flex wp-container-core-buttons-is-layout-16018d1d wp-block-buttons-is-layout-flex\">\n<div class=\"wp-block-button is-style-outline is-style-outline--1\"><a class=\"wp-block-button__link has-sitebg-color has-accent-1-background-color has-text-color has-background wp-element-button\" href=\"https:\/\/brancheenature.fr\/?page_id=2260\">Ils me font confiance <\/a><\/div>\n\n\n\n<div class=\"wp-block-button is-style-outline is-style-outline--2\"><a class=\"wp-block-button__link has-sitebg-color has-accent-1-background-color has-text-color has-background wp-element-button\" href=\"https:\/\/brancheenature.fr\/?page_id=2713\">T\u00e9moignages<\/a><\/div>\n<\/div>\n","protected":false},"excerpt":{"rendered":"<p>Nous construisons ENSEMBLE l&rsquo;accompagnement selon vos besoins et vos envies. Je reste \u00e0 votre \u00e9coute! Maryline BROCHETHameau de Lacapelle81 140 PUYCELSI06 75 72 14 00 &hellip;<\/p>\n","protected":false},"author":1,"featured_media":0,"parent":0,"menu_order":0,"comment_status":"closed","ping_status":"closed","template":"","meta":{"om_disable_all_campaigns":false,"_uag_custom_page_level_css":"","footnotes":""},"class_list":["post-1328","page","type-page","status-publish","hentry"],"aioseo_notices":[],"uagb_featured_image_src":{"full":false,"thumbnail":false,"medium":false,"medium_large":false,"large":false,"1536x1536":false,"2048x2048":false,"post-thumbnail":false,"bravada-featured":false,"bravada-featured-lp":false,"bravada-featured-half":false,"bravada-featured-third":false,"bravada-lpbox-1":false,"bravada-lpbox-2":false},"uagb_author_info":{"display_name":"Maryline","author_link":"https:\/\/brancheenature.fr\/?author=1"},"uagb_comment_info":0,"uagb_excerpt":"Nous construisons ENSEMBLE l&rsquo;accompagnement selon vos besoins et vos envies. Je reste \u00e0 votre \u00e9coute! Maryline BROCHETHameau de Lacapelle81 140 PUYCELSI06 75 72 14 00 &hellip;","_links":{"self":[{"href":"https:\/\/brancheenature.fr\/index.php?rest_route=\/wp\/v2\/pages\/1328","targetHints":{"allow":["GET"]}}],"collection":[{"href":"https:\/\/brancheenature.fr\/index.php?rest_route=\/wp\/v2\/pages"}],"about":[{"href":"https:\/\/brancheenature.fr\/index.php?rest_route=\/wp\/v2\/types\/page"}],"author":[{"embeddable":true,"href":"https:\/\/brancheenature.fr\/index.php?rest_route=\/wp\/v2\/users\/1"}],"replies":[{"embeddable":true,"href":"https:\/\/brancheenature.fr\/index.php?rest_route=%2Fwp%2Fv2%2Fcomments&post=1328"}],"version-history":[{"count":70,"href":"https:\/\/brancheenature.fr\/index.php?rest_route=\/wp\/v2\/pages\/1328\/revisions"}],"predecessor-version":[{"id":3619,"href":"https:\/\/brancheenature.fr\/index.php?rest_route=\/wp\/v2\/pages\/1328\/revisions\/3619"}],"wp:attachment":[{"href":"https:\/\/brancheenature.fr\/index.php?rest_route=%2Fwp%2Fv2%2Fmedia&parent=1328"}],"curies":[{"name":"wp","href":"https:\/\/api.w.org\/{rel}","templated":true}]}}