{"id":2025,"date":"2022-11-15T11:33:30","date_gmt":"2022-11-15T11:33:30","guid":{"rendered":"https:\/\/brancheenature.fr\/?page_id=2025"},"modified":"2026-02-19T14:50:24","modified_gmt":"2026-02-19T14:50:24","slug":"ma-mission","status":"publish","type":"page","link":"https:\/\/brancheenature.fr\/","title":{"rendered":"A propos"},"content":{"rendered":"\n<blockquote class=\"wp-block-quote is-layout-flow wp-block-quote-is-layout-flow\"><\/blockquote>\n\n\n\n<p>J\u2019accompagne enfants, jeunes et adultes \u00e0 retisser leur lien avec la nature, avec eux-m\u00eames et avec les autres.<br>\u00c0 travers des exp\u00e9riences sensibles, relationnelles et immersives en ext\u00e9rieur, j\u2019ouvre des espaces qui favorisent l\u2019\u00e9quilibre, le ressourcement et le mieux \u00eatre.<br>Ma d\u00e9marche n\u2019est pas d\u2019enseigner, mais d\u2019accompagner : \u00e9couter, accueillir, relier, pour permettre \u00e0 chacun de se (re)trouver dans la rencontre avec le vivant. <\/p>\n\n\n\n<p>Mon accompagnement est sur mesure, au plus pr\u00e8s des besoins et des sensibilit\u00e9s de chacun.<\/p>\n\n\n\n<p><em>Mon ikiga\u00ef: faire pousser les gens et toucher les sens pour faire du lien et nous r\u00e9tablir.<\/em><\/p>\n\n\n\n<div style=\"height:100px\" aria-hidden=\"true\" class=\"wp-block-spacer\"><\/div>\n\n\n\n<div class=\"wp-block-media-text is-stacked-on-mobile\"><figure class=\"wp-block-media-text__media\"><video controls src=\"https:\/\/brancheenature.fr\/wp-content\/uploads\/2025\/10\/Video-LApel-du-Grand-Air.mp4\"><\/video><\/figure><div class=\"wp-block-media-text__content\">\n<p>\ud83c\udfac <em>D\u00e9couvrez en images un diaporama qui refl\u00e8te ma d\u00e9marche et l\u2019esprit de mon accompagnement dehors.<\/em><\/p>\n\n\n\n<p><em>Ces photos ont \u00e9t\u00e9 prises lors de diff\u00e9rents ateliers \u2014 certains men\u00e9s avec Alicia d\u2019Au Jardin des \u00c9motions dans le cadre du projet <strong>L\u2019Appel du Grand Air<\/strong>, d\u2019autres dans mes accompagnements Branch\u2019\u00e9e Nature. Ensemble, elles t\u00e9moignent d\u2019un m\u00eame \u00e9lan : relier, ressentir, s\u2019\u00e9merveiller.<\/em><\/p>\n<\/div><\/div>\n\n\n\n<div style=\"height:19px\" aria-hidden=\"true\" class=\"wp-block-spacer\"><\/div>\n\n\n\n<div style=\"height:100px\" aria-hidden=\"true\" class=\"wp-block-spacer\"><\/div>\n\n\n\n<div class=\"wp-block-media-text is-stacked-on-mobile\"><figure class=\"wp-block-media-text__media\"><img loading=\"lazy\" decoding=\"async\" width=\"768\" height=\"1024\" src=\"https:\/\/brancheenature.fr\/wp-content\/uploads\/2024\/08\/IMG_7506-768x1024.jpeg\" alt=\"\" class=\"wp-image-3211 size-full\" srcset=\"https:\/\/brancheenature.fr\/wp-content\/uploads\/2024\/08\/IMG_7506-768x1024.jpeg 768w, https:\/\/brancheenature.fr\/wp-content\/uploads\/2024\/08\/IMG_7506-225x300.jpeg 225w, https:\/\/brancheenature.fr\/wp-content\/uploads\/2024\/08\/IMG_7506-1152x1536.jpeg 1152w, https:\/\/brancheenature.fr\/wp-content\/uploads\/2024\/08\/IMG_7506-1536x2048.jpeg 1536w, https:\/\/brancheenature.fr\/wp-content\/uploads\/2024\/08\/IMG_7506-scaled.jpeg 1920w\" sizes=\"auto, (max-width: 768px) 100vw, 768px\" \/><\/figure><div class=\"wp-block-media-text__content\">\n<p><\/p>\n\n\n\n<p>Mes valeurs     <\/p>\n\n\n\n<p>Ce qui guide mon accompagnement, au-del\u00e0 des mots et des outils, ce sont des convictions profondes, nourries par l\u2019exp\u00e9rience, le terrain et la relation au vivant.<\/p>\n\n\n\n<p><\/p>\n<\/div><\/div>\n\n\n\n<div style=\"height:30px\" aria-hidden=\"true\" class=\"wp-block-spacer\"><\/div>\n\n\n\n<p>\ud83c\udf3f<strong>L&rsquo;EMERVEILLEMENT<\/strong> est, selon moi, un besoin fondamental aussi bien pour l&rsquo;enfant que pour l&rsquo;adulte. Un \u00eatre humain qui s&rsquo;\u00e9merveille s&rsquo;ouvre au monde, aux autres, \u00e0 ce qui l&rsquo;entoure, \u00e0 la nature&#8230; Il cr\u00e9e du lien. Dans un quotidien marqu\u00e9 par la surstimulation et les \u00e9crans, je crois essentiel de cultiver cette capacit\u00e9 \u00e0 s\u2019\u00e9tonner, ressentir et contempler.<\/p>\n\n\n\n<p>\ud83e\udd32<strong>La BIENVEILLANCE<\/strong>.  Elle est le socle de toute relation humaine.<br>Elle permet l\u2019\u00e9coute, l\u2019empathie et la cr\u00e9ation d\u2019espaces s\u00e9curisants o\u00f9 chacun peut \u00eatre accueilli tel qu\u2019il est.<\/p>\n\n\n\n<p>\ud83c\udf31 <strong>Le LIEN A LA NATURE<\/strong>. Je crois que le lien au vivant est fondamental.<br>Chaque \u00eatre humain devrait pouvoir \u00eatre en relation avec la nature, et cette connexion m\u00e9rite de retrouver toute sa place dans les domaines de l\u2019\u00e9ducation, de la sant\u00e9 et du soin.<\/p>\n\n\n\n<p>Ces valeurs traversent chacune de mes propositions et donnent sens \u00e0 mon engagement.<\/p>\n\n\n\n<div style=\"height:25px\" aria-hidden=\"true\" class=\"wp-block-spacer\"><\/div>\n\n\n\n<div class=\"wp-block-buttons is-layout-flex wp-block-buttons-is-layout-flex\">\n<div class=\"wp-block-button is-style-fill aligncenter\"><a class=\"wp-block-button__link has-accent-2-color has-accent-1-background-color has-text-color has-background wp-element-button\" href=\"https:\/\/brancheenature.fr\/?page_id=1324\">Qui accompagne ?<\/a><\/div>\n<\/div>\n\n\n\n<p><\/p>\n","protected":false},"excerpt":{"rendered":"<p>J\u2019accompagne enfants, jeunes et adultes \u00e0 retisser leur lien avec la nature, avec eux-m\u00eames et avec les autres.\u00c0 travers des exp\u00e9riences sensibles, relationnelles et immersives &hellip;<\/p>\n","protected":false},"author":1,"featured_media":0,"parent":0,"menu_order":0,"comment_status":"closed","ping_status":"closed","template":"","meta":{"om_disable_all_campaigns":false,"_uag_custom_page_level_css":"","footnotes":""},"class_list":["post-2025","page","type-page","status-publish","hentry"],"aioseo_notices":[],"uagb_featured_image_src":{"full":false,"thumbnail":false,"medium":false,"medium_large":false,"large":false,"1536x1536":false,"2048x2048":false,"post-thumbnail":false,"bravada-featured":false,"bravada-featured-lp":false,"bravada-featured-half":false,"bravada-featured-third":false,"bravada-lpbox-1":false,"bravada-lpbox-2":false},"uagb_author_info":{"display_name":"Maryline","author_link":"https:\/\/brancheenature.fr\/?author=1"},"uagb_comment_info":0,"uagb_excerpt":"J\u2019accompagne enfants, jeunes et adultes \u00e0 retisser leur lien avec la nature, avec eux-m\u00eames et avec les autres.\u00c0 travers des exp\u00e9riences sensibles, relationnelles et immersives &hellip;","_links":{"self":[{"href":"https:\/\/brancheenature.fr\/index.php?rest_route=\/wp\/v2\/pages\/2025","targetHints":{"allow":["GET"]}}],"collection":[{"href":"https:\/\/brancheenature.fr\/index.php?rest_route=\/wp\/v2\/pages"}],"about":[{"href":"https:\/\/brancheenature.fr\/index.php?rest_route=\/wp\/v2\/types\/page"}],"author":[{"embeddable":true,"href":"https:\/\/brancheenature.fr\/index.php?rest_route=\/wp\/v2\/users\/1"}],"replies":[{"embeddable":true,"href":"https:\/\/brancheenature.fr\/index.php?rest_route=%2Fwp%2Fv2%2Fcomments&post=2025"}],"version-history":[{"count":100,"href":"https:\/\/brancheenature.fr\/index.php?rest_route=\/wp\/v2\/pages\/2025\/revisions"}],"predecessor-version":[{"id":4064,"href":"https:\/\/brancheenature.fr\/index.php?rest_route=\/wp\/v2\/pages\/2025\/revisions\/4064"}],"wp:attachment":[{"href":"https:\/\/brancheenature.fr\/index.php?rest_route=%2Fwp%2Fv2%2Fmedia&parent=2025"}],"curies":[{"name":"wp","href":"https:\/\/api.w.org\/{rel}","templated":true}]}}