{"id":2427,"date":"2022-11-25T15:51:55","date_gmt":"2022-11-25T15:51:55","guid":{"rendered":"https:\/\/brancheenature.fr\/?page_id=2427"},"modified":"2026-01-22T17:47:31","modified_gmt":"2026-01-22T17:47:31","slug":"symbole","status":"publish","type":"page","link":"https:\/\/brancheenature.fr\/?page_id=2427","title":{"rendered":"Main et nature"},"content":{"rendered":"\n<p><\/p>\n\n\n\n<div class=\"wp-block-uagb-container uagb-block-240ee48a alignfull uagb-is-root-container\"><div class=\"uagb-container-inner-blocks-wrap\">\n<p> Mon logo a \u00e9t\u00e9 dessin\u00e9 \u00e0 Saint Rapha\u00ebl par l&rsquo;artiste illustratrice Ornella Occhipinti, de <a href=\"https:\/\/calacolori.com\/portfolio\/creation-logo\/\/\" target=\"_blank\" rel=\"noopener\" title=\"\">CALACOLORI<\/a>.<\/p>\n\n\n\n<p>Ornella a su capter ma personnalit\u00e9, mes valeurs et mes envies pour cr\u00e9er un logo <strong>vivant et rafra\u00eechissant<\/strong>, qui me ressemble.<\/p>\n\n\n\n<div class=\"wp-block-uagb-image uagb-block-12685b31 wp-block-uagb-image--layout-default wp-block-uagb-image--effect-static wp-block-uagb-image--align-none\"><figure class=\"wp-block-uagb-image__figure\"><img decoding=\"async\" srcset=\"https:\/\/brancheenature.fr\/wp-content\/uploads\/2022\/11\/IMG-20211017-WA0005-858x1024.jpg \" sizes=\"auto, (max-width: 480px) 150px\" src=\"https:\/\/brancheenature.fr\/wp-content\/uploads\/2022\/11\/IMG-20211017-WA0005-858x1024.jpg\" alt=\"\" class=\"uag-image-2490\" width=\"858\" height=\"1024\" title=\"\" loading=\"lazy\" role=\"img\"\/><\/figure><\/div>\n\n\n\n<div style=\"height:44px\" aria-hidden=\"true\" class=\"wp-block-spacer\"><\/div>\n\n\n\n<p>La main est un <strong>symbole fort<\/strong> dans mon approche. Comme l&rsquo;\u00e9crit <strong><a href=\"http:\/\/www.legrandsecretdulien.org\/\" target=\"_blank\" rel=\"noopener\" title=\"\">Fr\u00e9d\u00e9ric Pl\u00e9nard<\/a><\/strong> dans \u00ab\u00a0L&rsquo;enfant et la Nature\u00a0\u00bb :<\/p>\n\n\n\n<p>\u00a0\u00bb <strong>La main <\/strong>est par nature la partie du corps privil\u00e9gi\u00e9e avec laquelle l&rsquo;enfant <strong>entre en relation <\/strong>physique avec le monde qui l&rsquo;entoure. Quand de ses mains, l&rsquo;enfant cr\u00e9e une oeuvre avec le bois, la terre, les fleurs, les feuilles, les cailloux, l&rsquo;eau, la neige, c&rsquo;est une v\u00e9ritable rencontre sensorielle avec les \u00e9l\u00e9ments d&rsquo;un paysage qui se d\u00e9roule.\u00a0\u00bb <\/p>\n\n\n\n<p><strong><a href=\"https:\/\/www.montessori-france.asso.fr\/page\/167406-maria-montessori-et-sa-vision-de-l-enfant\" target=\"_blank\" rel=\"noopener\" title=\"\">Maria Montessori <\/a><\/strong>  souligne \u00e9galement l&rsquo;importance de la main: \u00ab\u00a0l&rsquo;organe qui d\u00e9finit l&rsquo;homme, c&rsquo;est la main, au service de l&rsquo;intelligence\u00a0\u00bb.<\/p>\n\n\n\n<p>Toucher, cr\u00e9er, ressentir, relier&#8230; <strong>La main est le prolongement de notre lien au vivant.<\/strong> Elle <strong>effleure, caresse, prend, donne, offre<\/strong>, elle <strong>relie<\/strong>.<\/p>\n\n\n\n<p>C&rsquo;est cette philosophie qui impr\u00e8gne mon travail et que mon logo incarne. <\/p>\n\n\n\n<p>La branche de feuilles, pr\u00e9sente dans le logo, est le symbole de la nature qui nous relie tous. Elle incarne la croissance, le renouvellement, la connexion au vivant, rappelant que l&rsquo;humanit\u00e9, la nature et l&rsquo;environnement sont profond\u00e9ment li\u00e9s. Ensemble, la main et le v\u00e9g\u00e9tal traduisent l&rsquo;<strong>harmonie et l&rsquo;\u00e9quilibre<\/strong> que je cherche \u00e0 cultiver dans mes accompagnements.<\/p>\n\n\n<div class=\"wp-block-image\">\n<figure class=\"aligncenter size-medium\"><img loading=\"lazy\" decoding=\"async\" width=\"300\" height=\"225\" src=\"https:\/\/brancheenature.fr\/wp-content\/uploads\/2024\/02\/mains-Elisabeth-2-300x225.jpg\" alt=\"\" class=\"wp-image-3046\" srcset=\"https:\/\/brancheenature.fr\/wp-content\/uploads\/2024\/02\/mains-Elisabeth-2-300x225.jpg 300w, https:\/\/brancheenature.fr\/wp-content\/uploads\/2024\/02\/mains-Elisabeth-2-1024x768.jpg 1024w, https:\/\/brancheenature.fr\/wp-content\/uploads\/2024\/02\/mains-Elisabeth-2-768x576.jpg 768w, https:\/\/brancheenature.fr\/wp-content\/uploads\/2024\/02\/mains-Elisabeth-2-1536x1152.jpg 1536w, https:\/\/brancheenature.fr\/wp-content\/uploads\/2024\/02\/mains-Elisabeth-2-400x300.jpg 400w, https:\/\/brancheenature.fr\/wp-content\/uploads\/2024\/02\/mains-Elisabeth-2.jpg 2048w\" sizes=\"auto, (max-width: 300px) 100vw, 300px\" \/><\/figure><\/div>\n\n<div class=\"wp-block-image\">\n<figure class=\"aligncenter size-medium\"><img loading=\"lazy\" decoding=\"async\" width=\"300\" height=\"225\" src=\"https:\/\/brancheenature.fr\/wp-content\/uploads\/2024\/02\/mains-elisabeth-300x225.jpg\" alt=\"\" class=\"wp-image-3048\" srcset=\"https:\/\/brancheenature.fr\/wp-content\/uploads\/2024\/02\/mains-elisabeth-300x225.jpg 300w, https:\/\/brancheenature.fr\/wp-content\/uploads\/2024\/02\/mains-elisabeth-1024x768.jpg 1024w, https:\/\/brancheenature.fr\/wp-content\/uploads\/2024\/02\/mains-elisabeth-768x576.jpg 768w, https:\/\/brancheenature.fr\/wp-content\/uploads\/2024\/02\/mains-elisabeth-1536x1152.jpg 1536w, https:\/\/brancheenature.fr\/wp-content\/uploads\/2024\/02\/mains-elisabeth-400x300.jpg 400w, https:\/\/brancheenature.fr\/wp-content\/uploads\/2024\/02\/mains-elisabeth.jpg 2048w\" sizes=\"auto, (max-width: 300px) 100vw, 300px\" \/><\/figure><\/div>\n\n<div class=\"wp-block-image\">\n<figure class=\"aligncenter size-medium\"><img loading=\"lazy\" decoding=\"async\" width=\"300\" height=\"225\" src=\"https:\/\/brancheenature.fr\/wp-content\/uploads\/2024\/02\/mains-elisabeth-3-300x225.jpg\" alt=\"\" class=\"wp-image-3052\" srcset=\"https:\/\/brancheenature.fr\/wp-content\/uploads\/2024\/02\/mains-elisabeth-3-300x225.jpg 300w, https:\/\/brancheenature.fr\/wp-content\/uploads\/2024\/02\/mains-elisabeth-3-1024x768.jpg 1024w, https:\/\/brancheenature.fr\/wp-content\/uploads\/2024\/02\/mains-elisabeth-3-768x576.jpg 768w, https:\/\/brancheenature.fr\/wp-content\/uploads\/2024\/02\/mains-elisabeth-3-1536x1152.jpg 1536w, https:\/\/brancheenature.fr\/wp-content\/uploads\/2024\/02\/mains-elisabeth-3-400x300.jpg 400w, https:\/\/brancheenature.fr\/wp-content\/uploads\/2024\/02\/mains-elisabeth-3.jpg 2048w\" sizes=\"auto, (max-width: 300px) 100vw, 300px\" \/><\/figure><\/div>\n\n\n<p class=\"has-text-align-center has-small-font-size\">Cr\u00e9dit Photo Elisabeth Artiste<\/p>\n<\/div><\/div>\n\n\n\n<p><\/p>\n","protected":false},"excerpt":{"rendered":"<p>Mon logo a \u00e9t\u00e9 dessin\u00e9 \u00e0 Saint Rapha\u00ebl par l&rsquo;artiste illustratrice Ornella Occhipinti, de CALACOLORI. Ornella a su capter ma personnalit\u00e9, mes valeurs et mes &hellip;<\/p>\n","protected":false},"author":1,"featured_media":0,"parent":0,"menu_order":0,"comment_status":"closed","ping_status":"closed","template":"","meta":{"om_disable_all_campaigns":false,"_uag_custom_page_level_css":"","footnotes":""},"class_list":["post-2427","page","type-page","status-publish","hentry"],"aioseo_notices":[],"uagb_featured_image_src":{"full":false,"thumbnail":false,"medium":false,"medium_large":false,"large":false,"1536x1536":false,"2048x2048":false,"post-thumbnail":false,"bravada-featured":false,"bravada-featured-lp":false,"bravada-featured-half":false,"bravada-featured-third":false,"bravada-lpbox-1":false,"bravada-lpbox-2":false},"uagb_author_info":{"display_name":"Maryline","author_link":"https:\/\/brancheenature.fr\/?author=1"},"uagb_comment_info":0,"uagb_excerpt":"Mon logo a \u00e9t\u00e9 dessin\u00e9 \u00e0 Saint Rapha\u00ebl par l&rsquo;artiste illustratrice Ornella Occhipinti, de CALACOLORI. Ornella a su capter ma personnalit\u00e9, mes valeurs et mes &hellip;","_links":{"self":[{"href":"https:\/\/brancheenature.fr\/index.php?rest_route=\/wp\/v2\/pages\/2427","targetHints":{"allow":["GET"]}}],"collection":[{"href":"https:\/\/brancheenature.fr\/index.php?rest_route=\/wp\/v2\/pages"}],"about":[{"href":"https:\/\/brancheenature.fr\/index.php?rest_route=\/wp\/v2\/types\/page"}],"author":[{"embeddable":true,"href":"https:\/\/brancheenature.fr\/index.php?rest_route=\/wp\/v2\/users\/1"}],"replies":[{"embeddable":true,"href":"https:\/\/brancheenature.fr\/index.php?rest_route=%2Fwp%2Fv2%2Fcomments&post=2427"}],"version-history":[{"count":40,"href":"https:\/\/brancheenature.fr\/index.php?rest_route=\/wp\/v2\/pages\/2427\/revisions"}],"predecessor-version":[{"id":3980,"href":"https:\/\/brancheenature.fr\/index.php?rest_route=\/wp\/v2\/pages\/2427\/revisions\/3980"}],"wp:attachment":[{"href":"https:\/\/brancheenature.fr\/index.php?rest_route=%2Fwp%2Fv2%2Fmedia&parent=2427"}],"curies":[{"name":"wp","href":"https:\/\/api.w.org\/{rel}","templated":true}]}}