{"id":3864,"date":"2026-01-21T13:00:51","date_gmt":"2026-01-21T13:00:51","guid":{"rendered":"https:\/\/brancheenature.fr\/?page_id=3864"},"modified":"2026-01-21T13:00:52","modified_gmt":"2026-01-21T13:00:52","slug":"atelier-parent-enfant","status":"publish","type":"page","link":"https:\/\/brancheenature.fr\/?page_id=3864","title":{"rendered":"Atelier parent \/ enfant"},"content":{"rendered":"\n<p><strong>Explorer la nature ensemble, ressentir et se relier<\/strong><\/p>\n\n\n\n<p>Prendre le temps dehors, avec son enfant, pour <strong>vivre la nature ensemble<\/strong>.<br>Un atelier qui invite \u00e0 ralentir, observer, toucher, \u00e9couter, et partager des moments simples mais riches avec son enfant.<\/p>\n\n\n\n<p class=\"has-accent-2-color has-text-color has-link-color wp-elements-176464477be207d2daa1fd9a7d114341\">\ud83c\udf3f<strong>Ce que je propose<\/strong><\/p>\n\n\n\n<p>Ces ateliers m\u00ealent <strong>exploration sensorielle, jeux libres et temps de parole<\/strong> dans un cadre naturel et s\u00e9curisant.<br>Selon le lieu et le moment, cela peut inclure :<\/p>\n\n\n\n<ul class=\"wp-block-list\">\n<li>marche et exploration en nature<\/li>\n\n\n\n<li>jeux sensoriels et activit\u00e9s cr\u00e9atives<\/li>\n\n\n\n<li>petits ateliers autour du feu ou en clairi\u00e8re<\/li>\n\n\n\n<li>moments de pause pour ressentir, observer et partager<\/li>\n\n\n\n<li>cercle de parole pour exprimer ses sensations et observations<\/li>\n<\/ul>\n\n\n\n<p>Chaque atelier est pens\u00e9 pour permettre \u00e0 <strong>parents et enfants<\/strong> de vivre ensemble le dehors, de <strong>renforcer le lien<\/strong>, et de d\u00e9couvrir le rythme et les besoins de chacun.<\/p>\n\n\n\n<p class=\"has-text-align-left has-accent-2-color has-text-color has-link-color wp-elements-5d715bf65234d4da022b1c182c73568e\">\ud83c\udf3f<strong>Pour qui <\/strong><\/p>\n\n\n\n<ul class=\"wp-block-list\">\n<li>Parents et enfants (3\u201312 ans, adaptable selon le contexte)<\/li>\n\n\n\n<li>Familles, couples, duos adultes-enfants<\/li>\n\n\n\n<li>Petits groupes pour pr\u00e9server le temps de qualit\u00e9 et la s\u00e9curit\u00e9<\/li>\n<\/ul>\n\n\n\n<p>Ces ateliers conviennent \u00e0 toute personne souhaitant partager un moment de <strong>connexion, de d\u00e9tente et de curiosit\u00e9<\/strong> avec son enfant, hors des contraintes habituelles.<\/p>\n\n\n\n<p class=\"has-text-align-left has-accent-2-color has-text-color has-link-color wp-elements-b56d8b33b138b15007508928797bfe75\">\ud83c\udf3f<strong>Pourquoi vivre cet atelier dehors ?<\/strong><\/p>\n\n\n\n<p>Le <strong>dehors est un espace vivant<\/strong> : il favorise l\u2019attention, l\u2019\u00e9coute, la curiosit\u00e9 et la cr\u00e9ativit\u00e9.<br>En \u00e9tant ensemble dehors, parents et enfants peuvent :<\/p>\n\n\n\n<ul class=\"wp-block-list\">\n<li>ralentir et se d\u00e9poser<\/li>\n\n\n\n<li>observer, toucher, ressentir<\/li>\n\n\n\n<li>se relier autrement, par le corps et les sens<\/li>\n<\/ul>\n\n\n\n<p>Cet environnement naturel enrichit la relation parent\/enfant, tout en favorisant le bien-\u00eatre de chacun.<\/p>\n\n\n\n<p class=\"has-text-align-left has-accent-2-color has-text-color has-link-color wp-elements-5780d6047ad936230a5befc5b2888847\">\ud83c\udf3f<strong>Ma posture d\u2019accompagnement<\/strong><\/p>\n\n\n\n<p>Je guide les ateliers avec <strong>\u00e9coute, pr\u00e9sence et bienveillance<\/strong>, sans pression ni performance.<br>Chaque famille ou duo \u00e9volue \u00e0 son rythme, selon ses envies et ses besoins.<br>L\u2019atelier devient un espace d\u2019exp\u00e9rimentation et de d\u00e9couverte mutuelle, soutenu par la nature.<\/p>\n\n\n\n<p class=\"has-text-align-left has-accent-2-color has-text-color has-link-color wp-elements-8f457b1205f3a26294851ee5d66dafac\">\ud83c\udf3f<strong>Informations pratiques<\/strong><\/p>\n\n\n\n<ul class=\"wp-block-list\">\n<li>Dur\u00e9e : variable selon les ateliers (1h30, demi-journ\u00e9e, journ\u00e9e)<\/li>\n\n\n\n<li>Lieux : \u00e0 ma clairi\u00e8re (lieu priv\u00e9 Branch&rsquo;\u00e9e Nature), jardin, sentier, espaces naturels selon les projets<\/li>\n\n\n\n<li>Formats : parent\/enfant, atelier, kermesse, \u00e9v\u00e8nement<\/li>\n\n\n\n<li>Sur inscription ou sur demande, selon le contexte<\/li>\n<\/ul>\n\n\n\n<p class=\"has-text-align-left has-accent-2-color has-text-color has-link-color wp-elements-87249f83951a7c6c1b9ecd48a80c28bb\">\ud83c\udf3f<strong>Une invitation<\/strong><\/p>\n\n\n\n<p>Ces ateliers peuvent s\u2019adapter \u00e0 vos besoins, \u00e0 vos enfants et \u00e0 votre environnement.<br>Je serais heureuse d\u2019en discuter avec vous et de cr\u00e9er ensemble un moment unique \u00e0 partager dehors. <a href=\"https:\/\/brancheenature.fr\/?page_id=1328\" target=\"_blank\" rel=\"noopener\" title=\"\">Contactez moi!<\/a><\/p>\n\n\n\n<figure class=\"wp-block-gallery has-nested-images columns-default is-cropped wp-block-gallery-1 is-layout-flex wp-block-gallery-is-layout-flex\">\n<figure class=\"wp-block-image size-large\"><img loading=\"lazy\" decoding=\"async\" width=\"1024\" height=\"683\" data-id=\"3866\" src=\"https:\/\/brancheenature.fr\/wp-content\/uploads\/2026\/01\/parent-enfant-2-1024x683.jpg\" alt=\"\" class=\"wp-image-3866\" srcset=\"https:\/\/brancheenature.fr\/wp-content\/uploads\/2026\/01\/parent-enfant-2-1024x683.jpg 1024w, https:\/\/brancheenature.fr\/wp-content\/uploads\/2026\/01\/parent-enfant-2-300x200.jpg 300w, https:\/\/brancheenature.fr\/wp-content\/uploads\/2026\/01\/parent-enfant-2-768x512.jpg 768w, https:\/\/brancheenature.fr\/wp-content\/uploads\/2026\/01\/parent-enfant-2-1536x1024.jpg 1536w, https:\/\/brancheenature.fr\/wp-content\/uploads\/2026\/01\/parent-enfant-2-421x281.jpg 421w, https:\/\/brancheenature.fr\/wp-content\/uploads\/2026\/01\/parent-enfant-2.jpg 1599w\" sizes=\"auto, (max-width: 1024px) 100vw, 1024px\" \/><\/figure>\n\n\n\n<figure class=\"wp-block-image size-large\"><img loading=\"lazy\" decoding=\"async\" width=\"1024\" height=\"683\" data-id=\"3867\" src=\"https:\/\/brancheenature.fr\/wp-content\/uploads\/2026\/01\/parent-enfant-1024x683.jpg\" alt=\"\" class=\"wp-image-3867\" srcset=\"https:\/\/brancheenature.fr\/wp-content\/uploads\/2026\/01\/parent-enfant-1024x683.jpg 1024w, https:\/\/brancheenature.fr\/wp-content\/uploads\/2026\/01\/parent-enfant-300x200.jpg 300w, https:\/\/brancheenature.fr\/wp-content\/uploads\/2026\/01\/parent-enfant-768x512.jpg 768w, https:\/\/brancheenature.fr\/wp-content\/uploads\/2026\/01\/parent-enfant-1536x1024.jpg 1536w, https:\/\/brancheenature.fr\/wp-content\/uploads\/2026\/01\/parent-enfant-421x281.jpg 421w, https:\/\/brancheenature.fr\/wp-content\/uploads\/2026\/01\/parent-enfant.jpg 1599w\" sizes=\"auto, (max-width: 1024px) 100vw, 1024px\" \/><\/figure>\n<\/figure>\n\n\n\n<figure class=\"wp-block-gallery has-nested-images columns-default is-cropped wp-block-gallery-2 is-layout-flex wp-block-gallery-is-layout-flex\">\n<figure class=\"wp-block-image size-large\"><img loading=\"lazy\" decoding=\"async\" width=\"1024\" height=\"768\" data-id=\"3869\" src=\"https:\/\/brancheenature.fr\/wp-content\/uploads\/2026\/01\/20250729_102408-1024x768.jpg\" alt=\"\" class=\"wp-image-3869\" srcset=\"https:\/\/brancheenature.fr\/wp-content\/uploads\/2026\/01\/20250729_102408-1024x768.jpg 1024w, https:\/\/brancheenature.fr\/wp-content\/uploads\/2026\/01\/20250729_102408-300x225.jpg 300w, https:\/\/brancheenature.fr\/wp-content\/uploads\/2026\/01\/20250729_102408-768x576.jpg 768w, https:\/\/brancheenature.fr\/wp-content\/uploads\/2026\/01\/20250729_102408-1536x1152.jpg 1536w, https:\/\/brancheenature.fr\/wp-content\/uploads\/2026\/01\/20250729_102408-2048x1536.jpg 2048w, https:\/\/brancheenature.fr\/wp-content\/uploads\/2026\/01\/20250729_102408-400x300.jpg 400w\" sizes=\"auto, (max-width: 1024px) 100vw, 1024px\" \/><\/figure>\n\n\n\n<figure class=\"wp-block-image size-large\"><img loading=\"lazy\" decoding=\"async\" width=\"768\" height=\"1024\" data-id=\"3868\" src=\"https:\/\/brancheenature.fr\/wp-content\/uploads\/2026\/01\/IMG-20250804-WA0011-768x1024.jpg\" alt=\"\" class=\"wp-image-3868\" srcset=\"https:\/\/brancheenature.fr\/wp-content\/uploads\/2026\/01\/IMG-20250804-WA0011-768x1024.jpg 768w, https:\/\/brancheenature.fr\/wp-content\/uploads\/2026\/01\/IMG-20250804-WA0011-225x300.jpg 225w, https:\/\/brancheenature.fr\/wp-content\/uploads\/2026\/01\/IMG-20250804-WA0011-1152x1536.jpg 1152w, https:\/\/brancheenature.fr\/wp-content\/uploads\/2026\/01\/IMG-20250804-WA0011.jpg 1200w\" sizes=\"auto, (max-width: 768px) 100vw, 768px\" \/><\/figure>\n<\/figure>\n\n\n\n<figure class=\"wp-block-gallery has-nested-images columns-default is-cropped wp-block-gallery-3 is-layout-flex wp-block-gallery-is-layout-flex\">\n<figure class=\"wp-block-image size-large\"><img loading=\"lazy\" decoding=\"async\" width=\"1024\" height=\"768\" data-id=\"3870\" src=\"https:\/\/brancheenature.fr\/wp-content\/uploads\/2026\/01\/20250729_113427-1024x768.jpg\" alt=\"\" class=\"wp-image-3870\" srcset=\"https:\/\/brancheenature.fr\/wp-content\/uploads\/2026\/01\/20250729_113427-1024x768.jpg 1024w, https:\/\/brancheenature.fr\/wp-content\/uploads\/2026\/01\/20250729_113427-300x225.jpg 300w, https:\/\/brancheenature.fr\/wp-content\/uploads\/2026\/01\/20250729_113427-768x576.jpg 768w, https:\/\/brancheenature.fr\/wp-content\/uploads\/2026\/01\/20250729_113427-1536x1152.jpg 1536w, https:\/\/brancheenature.fr\/wp-content\/uploads\/2026\/01\/20250729_113427-2048x1536.jpg 2048w, https:\/\/brancheenature.fr\/wp-content\/uploads\/2026\/01\/20250729_113427-400x300.jpg 400w\" sizes=\"auto, (max-width: 1024px) 100vw, 1024px\" \/><\/figure>\n\n\n\n<figure class=\"wp-block-image size-large\"><img loading=\"lazy\" decoding=\"async\" width=\"768\" height=\"1024\" data-id=\"3871\" src=\"https:\/\/brancheenature.fr\/wp-content\/uploads\/2026\/01\/20250729_141915-768x1024.jpg\" alt=\"\" class=\"wp-image-3871\" srcset=\"https:\/\/brancheenature.fr\/wp-content\/uploads\/2026\/01\/20250729_141915-768x1024.jpg 768w, https:\/\/brancheenature.fr\/wp-content\/uploads\/2026\/01\/20250729_141915-225x300.jpg 225w, https:\/\/brancheenature.fr\/wp-content\/uploads\/2026\/01\/20250729_141915-1152x1536.jpg 1152w, https:\/\/brancheenature.fr\/wp-content\/uploads\/2026\/01\/20250729_141915-1536x2048.jpg 1536w, https:\/\/brancheenature.fr\/wp-content\/uploads\/2026\/01\/20250729_141915-scaled.jpg 1920w\" sizes=\"auto, (max-width: 768px) 100vw, 768px\" \/><\/figure>\n<\/figure>\n","protected":false},"excerpt":{"rendered":"<p>Explorer la nature ensemble, ressentir et se relier Prendre le temps dehors, avec son enfant, pour vivre la nature ensemble.Un atelier qui invite \u00e0 ralentir, &hellip;<\/p>\n","protected":false},"author":1,"featured_media":0,"parent":0,"menu_order":0,"comment_status":"closed","ping_status":"closed","template":"","meta":{"om_disable_all_campaigns":false,"_uag_custom_page_level_css":"","footnotes":""},"class_list":["post-3864","page","type-page","status-publish","hentry"],"aioseo_notices":[],"uagb_featured_image_src":{"full":false,"thumbnail":false,"medium":false,"medium_large":false,"large":false,"1536x1536":false,"2048x2048":false,"post-thumbnail":false,"bravada-featured":false,"bravada-featured-lp":false,"bravada-featured-half":false,"bravada-featured-third":false,"bravada-lpbox-1":false,"bravada-lpbox-2":false},"uagb_author_info":{"display_name":"Maryline","author_link":"https:\/\/brancheenature.fr\/?author=1"},"uagb_comment_info":0,"uagb_excerpt":"Explorer la nature ensemble, ressentir et se relier Prendre le temps dehors, avec son enfant, pour vivre la nature ensemble.Un atelier qui invite \u00e0 ralentir, &hellip;","_links":{"self":[{"href":"https:\/\/brancheenature.fr\/index.php?rest_route=\/wp\/v2\/pages\/3864","targetHints":{"allow":["GET"]}}],"collection":[{"href":"https:\/\/brancheenature.fr\/index.php?rest_route=\/wp\/v2\/pages"}],"about":[{"href":"https:\/\/brancheenature.fr\/index.php?rest_route=\/wp\/v2\/types\/page"}],"author":[{"embeddable":true,"href":"https:\/\/brancheenature.fr\/index.php?rest_route=\/wp\/v2\/users\/1"}],"replies":[{"embeddable":true,"href":"https:\/\/brancheenature.fr\/index.php?rest_route=%2Fwp%2Fv2%2Fcomments&post=3864"}],"version-history":[{"count":2,"href":"https:\/\/brancheenature.fr\/index.php?rest_route=\/wp\/v2\/pages\/3864\/revisions"}],"predecessor-version":[{"id":3872,"href":"https:\/\/brancheenature.fr\/index.php?rest_route=\/wp\/v2\/pages\/3864\/revisions\/3872"}],"wp:attachment":[{"href":"https:\/\/brancheenature.fr\/index.php?rest_route=%2Fwp%2Fv2%2Fmedia&parent=3864"}],"curies":[{"name":"wp","href":"https:\/\/api.w.org\/{rel}","templated":true}]}}